ivisor of r and n?
5
Suppose v - 4*q = -4*v + 42, -3*v - 4*q = -38. Let n be 4*(-6)/(-12)*(-159 - 1)/(-16). Calculate the greatest common divisor of n and v.
10
Let n = 156 + -156. Suppose -z - 20 + 42 = n. Calculate the greatest common factor of z and 10.
2
Let x(u) = u - 6. Let c be x(6). Let s = -3512 - -3512. Suppose s = h - c*h - 2. Calculate the greatest common divisor of h and 18.
2
Let o(h) = 374*h**2 - 1132*h - 1131. Let a be o(-1). What is the highest common divisor of a and 800?
25
Suppose 0 = 9*k - 10*k - 2*y + 20, 3*k - 57 = -5*y. Suppose 1340 = 17*x + k. What is the highest common factor of x and 390?
78
Suppose 0 = -7*l + 10*l - 81. Suppose -l*u = -32*u + 40. Suppose 0*g + 5*g - 10 = 0. What is the highest common divisor of g and u?
2
Let p(d) = 232*d - 293. Let y be p(3). What is the greatest common factor of y and 39?
13
Let z = 10717 - 9742. What is the highest common divisor of z and 273?
39
Suppose -3*l = 5*u - 870, -664*u = -663*u - 4*l - 174. Calculate the greatest common divisor of u and 4118.
58
Suppose -2*l - g + 14 = 0, -2*g - 2 = 9*l - 11*l. What is the greatest common divisor of l and 965?
5
Let i = -14669 + 14681. Suppose 9*g - 45 = 4*g. Let j(c) = c + 3. Let n be j(g). What is the greatest common divisor of i and n?
12
Suppose 38*h = 34*h + 296. What is the highest common factor of h and 2923?
37
Suppose -u + 5*u + 3*g - 326 = 0, -2*g = -2*u + 142. Calculate the greatest common divisor of 385 and u.
77
Suppose 84*j - 224 = 616. What is the highest common divisor of j and 1202?
2
Suppose 104 + 240 = 8*a. Suppose -3640 = 15*x - a*x. What is the highest common divisor of x and 39?
13
Let j(l) = -l**2 - 32*l + 5. Let n be j(-32). Suppose 5*h + 0*h + n*g - 1060 = 0, 5*g = -3*h + 626. What is the highest common factor of h and 31?
31
Let x be (765/(-6))/(-5)*(-104)/(-39). Let q = -85 - -147. Let u = x - q. Calculate the greatest common factor of u and 9.
3
Let y(w) = -w**2 + 16*w - 23. Let f = -274 - -281. Let r be y(f). Calculate the highest common divisor of 130 and r.
10
Suppose 38*v - 24 = 30*v. Suppose -1757 = -v*c + 3331. Calculate the greatest common divisor of c and 32.
32
Let z(y) = 5*y + 21. Let t be z(13). Suppose -r + 4 = 0, -2*l + 4*r + 170 = -t. What is the greatest common divisor of l and 170?
34
Let y be 0/3*(1 - 21/28). Suppose -3*d + 7*d - 3*o - 66 = 0, y = d - o - 16. What is the greatest common factor of 486 and d?
18
Suppose 5*j = 2*p + 710, -82 = -2*j - 3*p + 221. Let r be 10400/j - ((-4)/(-9))/2. What is the greatest common divisor of 18 and r?
18
Let d(l) = 2816*l - 513. Let r be d(6). Calculate the highest common divisor of 129 and r.
129
Suppose -3*n + 7855 = -5*k + 1444, -6423 = -3*n + k. What is the greatest common divisor of n and 2394?
126
Let l(u) = 11*u + 48. Let k be l(-4). Suppose -k*v + 310 = 22*t - 17*t, 5*t = 5*v - 365. What is the greatest common divisor of v and 30?
15
Suppose b - 31 + 16 = 0. Suppose b*f - 460 = 5*f. Let n = f - 38. What is the highest common factor of n and 40?
8
Let q(h) = h**2 - 24*h - 61. Let a be q(27). Let w be 15/a + 82/8. What is the greatest common factor of 44 and w?
11
Let y be ((-102)/(-170))/((-2)/(-10)). Suppose y = v + n - 11, -3*v = 2*n - 40. Calculate the greatest common factor of 18 and v.
6
Suppose 4*u - 2970 = 2274. Calculate the greatest common factor of u and 57.
57
Suppose -5*f + 55 = -5*n, 4*n = 2*f - 15 - 11. Let v = -189 + 408. Let p be 4 - (20/(-5) - v/3). What is the highest common factor of p and f?
9
Suppose 2*h - 121*j + 124*j - 685 = 0, -4*h + 3*j + 1307 = 0. Calculate the greatest common divisor of 9794 and h.
166
Let k(t) = t**3 + 27*t**2 + 32*t + 39. Let s = -122 - -96. Let v be k(s). Let j = v + 120. Calculate the highest common divisor of 9 and j.
3
Let a(v) = 1649*v**2 + 504*v - 503. Let n be a(1). Let l = -107 + 182. Calculate the greatest common divisor of l and n.
75
Let p(v) = -2*v**2 + 3*v**2 - 1 - v**3 - 2*v + 11*v - 4*v**2. Let q be p(-5). Let a be 4/16*q*14. What is the highest common divisor of 154 and a?
14
Suppose -51*v = 65*v - 95*v - 239190. Calculate the greatest common factor of 34 and v.
34
Suppose 4*r - 150 = -9*z + 7*z, -302 = -4*z - 6*r. Calculate the highest common divisor of z and 517.
11
Let y = -14 + 35. Let c be (-14)/y*(1 - (-2 + 39)). Let o be 7/4 - (66/c)/(-11). Calculate the greatest common factor of o and 4.
2
Suppose 118 = 3*w + g, w - 34 = 4*g + 1. What is the greatest common factor of 26 and w?
13
Let w(u) = -u**3 + 6*u**2 - 6*u + 18. Suppose -v + 1 = -0*v, a - 1 = 4*v. Let h be w(a). Calculate the greatest common divisor of h and 39.
13
Suppose 0 = 62*b - 56*b - 48. Let y(s) = -s**3 + 5*s**2 + 10*s + 5. Let u be y(6). Let j = u - 27. What is the greatest common factor of b and j?
2
Suppose 7*p - 12*p = -15. Suppose 61 = -4*k + 5*v + 17, 0 = p*v. Let c be 25/(2200/11952) - 2/k. Calculate the greatest common factor of c and 17.
17
Suppose m - 6*r + 4 = -4*r, -2*m - 10 = -5*r. Suppose m = -4*i - 2*x + 1706, -5*i - 9*x + 13*x + 2139 = 0. Calculate the highest common divisor of 7 and i.
7
Suppose -5*r + 5*h + 55 = 0, -3*r - 2*h - 10 = -48. What is the greatest common factor of r and 3714?
6
Let t = 12 + -8. Suppose -2*y - 5*l = -29, -2*y = 4*l - 9*l + 21. Suppose -2*s + 0*a = -y*a - 16, 5*s + a = 64. Calculate the greatest common factor of s and t.
4
Let y(a) = -259*a + 262*a - 1 + 108 + 8. Let r be y(-34). Calculate the highest common divisor of r and 13.
13
Suppose 0 = 49*z - 142 - 201. Suppose 0 = c - z*c + 72. Calculate the greatest common factor of 16 and c.
4
Let y = 67 - 41. Let h(j) be the second derivative of -142*j**3/3 + j**2 - 6*j. Let i be h(-1). What is the highest common factor of i and y?
26
Suppose 102*a = 21457 + 983. Let z(g) = -g**2 + 4*g - 4. Let k be z(7). Let l = k + 45. What is the highest common divisor of a and l?
20
Let q(s) = -s - 3. Suppose 14 = -3*o - 7. Let g be q(o). Let r(i) = -7*i - 14. Let n be r(-6). Calculate the highest common divisor of n and g.
4
Let n = -19 - -32. Suppose 10*j - 13*j + 792 = 0. Suppose k - 139 = -u, -435 - j = -5*k - 4*u. Calculate the greatest common divisor of k and n.
13
Let k(a) = 32*a**2 - 221*a + 22. Let c be k(7). Suppose 5*o = -2*n + 162, 5*n - 5*o - 354 = n. What is the highest common divisor of c and n?
43
Let m = 201 + -203. Let j be (-68 - -16)/((-1)/(m - -5)). Calculate the highest common factor of 24 and j.
12
Let w = 213 - 118. Let n be (((-3040)/(-7))/5)/((-18)/81 - 96/(-189)). Calculate the highest common factor of w and n.
19
Suppose 3 = n - 2*y, -4*y = 4*n - 7*y - 17. Let a be 6 - (3 - 4)*-1. Suppose -a*u = -u - 4. Calculate the greatest common factor of n and u.
1
Let j = 167 + -93. Suppose -j = -r - 8. Suppose 5*p - r = 54. What is the greatest common divisor of 48 and p?
24
Let s = 15882 + -15713. What is the highest common divisor of s and 377?
13
Suppose 85*t - 2306 = 1434. What is the highest common divisor of 12870 and t?
22
Let m(v) = 246*v - 450. Let p be m(2). Calculate the highest common factor of p and 609.
21
Suppose -3*m + 12 = t - 7*m, 15 = -5*t - 5*m. Suppose t*q + 6*q = 408. Calculate the greatest common divisor of 8 and q.
4
Let j be 0 + (6/21)/((-2)/(-238)). Let q be 3/((-9)/(-6))*2. Suppose -v + 4*v - 141 = -4*k, 0 = -q*k - 12. What is the highest common divisor of j and v?
17
Let o = -17622 + 39714. Let i be o/315 - 4/30. Calculate the highest common divisor of 20 and i.
10
Let p = 46 - 41. Suppose 4*y - p = -y. Suppose -4*i + 17 - y = 0. What is the greatest common factor of i and 4?
4
Suppose -7*k = 2*d - 9*k - 274, -2*d + 3*k + 278 = 0. What is the greatest common factor of 10773 and d?
133
Suppose -268*v + 35891 = -362357. What is the greatest common divisor of 2 and v?
2
Suppose 0 = -i + 1, -4*i + i = -v + 169. Calculate the greatest common factor of 28 and v.
4
Let q(a) = -5*a**3 - 4*a**2 - 2*a + 6. Let b be (0 - (3 + (-3 - -3)))*1. Let d be q(b). Let h = d - 41. What is the highest common divisor of h and 10?
10
Let l = 40311 + -40270. Calculate the greatest common divisor of 25297 and l.
41
Let c(b) = b**3 + 18*b**2 - 205*b - 21. Let p be c(8). Calculate the greatest common factor of p and 179.
1
Let t be 2945/124 - 23 - (-3)/(12/49). What is the greatest common factor of t and 52?
13
Let r